Last updated on 2024-06-10 03:49:28 CEST.
Flavor | Version | Tinstall | Tcheck | Ttotal | Status | Flags |
---|---|---|---|---|---|---|
r-devel-linux-x86_64-debian-clang | 0.1.2 | 2.28 | 47.96 | 50.24 | OK | |
r-devel-linux-x86_64-debian-gcc | 0.1.2 | OK | ||||
r-devel-linux-x86_64-fedora-clang | 0.1.2 | 66.09 | NOTE | |||
r-devel-linux-x86_64-fedora-gcc | 0.1.2 | 75.77 | NOTE | |||
r-devel-windows-x86_64 | 0.1.2 | 4.00 | 53.00 | 57.00 | OK | |
r-patched-linux-x86_64 | 0.1.2 | 2.18 | 47.36 | 49.54 | OK | |
r-release-linux-x86_64 | 0.1.2 | 1.57 | 47.07 | 48.64 | OK | |
r-release-macos-arm64 | 0.1.2 | 27.00 | OK | |||
r-release-macos-x86_64 | 0.1.2 | 41.00 | OK | |||
r-release-windows-x86_64 | 0.1.2 | 4.00 | 56.00 | 60.00 | OK | |
r-oldrel-macos-arm64 | 0.1.2 | 27.00 | OK | |||
r-oldrel-macos-x86_64 | 0.1.2 | 37.00 | OK | |||
r-oldrel-windows-x86_64 | 0.1.2 | 4.00 | 57.00 | 61.00 | OK |
Version: 0.1.2
Check: dependencies in R code
Result: NOTE
Namespace in Imports field not imported from: ‘tidyr’
All declared Imports should be used.
Flavors: r-devel-linux-x86_64-fedora-clang, r-devel-linux-x86_64-fedora-gcc