Last updated on 2024-06-08 03:49:44 CEST.
Flavor | Version | Tinstall | Tcheck | Ttotal | Status | Flags |
---|---|---|---|---|---|---|
r-devel-linux-x86_64-debian-clang | 3.4.1 | 12.45 | 88.22 | 100.67 | NOTE | |
r-devel-linux-x86_64-debian-gcc | 3.4.1 | 8.21 | 65.81 | 74.02 | NOTE | |
r-devel-linux-x86_64-fedora-clang | 3.4.1 | 129.13 | NOTE | |||
r-devel-linux-x86_64-fedora-gcc | 3.4.1 | 117.36 | NOTE | |||
r-devel-windows-x86_64 | 3.4.1 | 10.00 | 82.00 | 92.00 | NOTE | |
r-patched-linux-x86_64 | 3.4.1 | 9.72 | 86.37 | 96.09 | NOTE | |
r-release-linux-x86_64 | 3.4.1 | 11.17 | 83.74 | 94.91 | NOTE | |
r-release-macos-arm64 | 3.4.1 | 38.00 | NOTE | |||
r-release-macos-x86_64 | 3.4.1 | 53.00 | NOTE | |||
r-release-windows-x86_64 | 3.4.1 | 10.00 | 83.00 | 93.00 | NOTE | |
r-oldrel-macos-arm64 | 3.4.1 | 39.00 | NOTE | |||
r-oldrel-macos-x86_64 | 3.4.1 | 63.00 | NOTE | |||
r-oldrel-windows-x86_64 | 3.4.1 | 12.00 | 100.00 | 112.00 | NOTE |
Version: 3.4.1
Check: Rd files
Result: NOTE
checkRd: (-1) stdGlm.Rd:93: Escaped LaTeX specials: \&
Flavors: r-devel-linux-x86_64-debian-clang, r-devel-linux-x86_64-debian-gcc, r-devel-linux-x86_64-fedora-clang, r-devel-linux-x86_64-fedora-gcc, r-devel-windows-x86_64, r-patched-linux-x86_64, r-release-linux-x86_64, r-release-macos-arm64, r-release-macos-x86_64, r-release-windows-x86_64, r-oldrel-macos-arm64, r-oldrel-macos-x86_64, r-oldrel-windows-x86_64