Last updated on 2024-06-15 15:49:17 CEST.
Flavor | Version | Tinstall | Tcheck | Ttotal | Status | Flags |
---|---|---|---|---|---|---|
r-devel-linux-x86_64-debian-clang | 1.0-16 | 254.13 | 408.60 | 662.73 | OK | |
r-devel-linux-x86_64-debian-gcc | 1.0-16 | 183.11 | 291.57 | 474.68 | OK | |
r-devel-linux-x86_64-fedora-clang | 1.0-16 | 838.48 | NOTE | |||
r-devel-linux-x86_64-fedora-gcc | 1.0-16 | 949.55 | OK | |||
r-devel-windows-x86_64 | 1.0-16 | 208.00 | 758.00 | 966.00 | NOTE | |
r-patched-linux-x86_64 | 1.0-16 | 218.36 | 393.71 | 612.07 | OK | |
r-release-linux-x86_64 | 1.0-16 | 215.13 | 384.42 | 599.55 | OK | |
r-release-macos-arm64 | 1.0-16 | 213.00 | NOTE | |||
r-release-macos-x86_64 | 1.0-16 | 329.00 | NOTE | |||
r-release-windows-x86_64 | 1.0-16 | 213.00 | 864.00 | 1077.00 | NOTE | |
r-oldrel-macos-arm64 | 1.0-16 | 224.00 | NOTE | |||
r-oldrel-macos-x86_64 | 1.0-16 | 516.00 | NOTE | |||
r-oldrel-windows-x86_64 | 1.0-16 | 269.00 | 1023.00 | 1292.00 | NOTE |
Version: 1.0-16
Check: installed package size
Result: NOTE
installed size is 7.5Mb
sub-directories of 1Mb or more:
doc 1.7Mb
libs 1.1Mb
sqlite 1.5Mb
Flavors: r-devel-linux-x86_64-fedora-clang, r-devel-windows-x86_64, r-release-macos-arm64, r-release-macos-x86_64, r-release-windows-x86_64, r-oldrel-macos-arm64, r-oldrel-macos-x86_64, r-oldrel-windows-x86_64