Last updated on 2024-07-01 03:49:12 CEST.
Flavor | Version | Tinstall | Tcheck | Ttotal | Status | Flags |
---|---|---|---|---|---|---|
r-devel-linux-x86_64-debian-clang | 0.1.5 | 18.31 | 118.16 | 136.47 | OK | |
r-devel-linux-x86_64-debian-gcc | 0.1.5 | 12.69 | 87.64 | 100.33 | OK | |
r-devel-linux-x86_64-fedora-clang | 0.1.5 | 176.67 | OK | |||
r-devel-linux-x86_64-fedora-gcc | 0.1.5 | 164.22 | OK | |||
r-devel-windows-x86_64 | 0.1.5 | 15.00 | 89.00 | 104.00 | OK | |
r-patched-linux-x86_64 | 0.1.5 | 17.75 | 110.98 | 128.73 | OK | |
r-release-linux-x86_64 | 0.1.5 | 11.66 | 113.31 | 124.97 | OK | |
r-release-macos-arm64 | 0.1.5 | 47.00 | OK | |||
r-release-macos-x86_64 | 0.1.5 | 104.00 | OK | |||
r-release-windows-x86_64 | 0.1.5 | 14.00 | 96.00 | 110.00 | OK | |
r-oldrel-macos-arm64 | 0.1.5 | 10.00 | ERROR | |||
r-oldrel-macos-x86_64 | 0.1.5 | 11.00 | ERROR | |||
r-oldrel-windows-x86_64 | 0.1.5 | 19.00 | 111.00 | 130.00 | OK |
Version: 0.1.5
Check: package dependencies
Result: ERROR
Package required and available but unsuitable version: ‘reticulate’
See section ‘The DESCRIPTION file’ in the ‘Writing R Extensions’
manual.
Flavors: r-oldrel-macos-arm64, r-oldrel-macos-x86_64