Last updated on 2024-07-01 03:49:06 CEST.
Flavor | Version | Tinstall | Tcheck | Ttotal | Status | Flags |
---|---|---|---|---|---|---|
r-devel-linux-x86_64-debian-clang | 1.1 | 48.75 | 102.92 | 151.67 | NOTE | |
r-devel-linux-x86_64-debian-gcc | 1.1 | 31.55 | 73.58 | 105.13 | NOTE | |
r-devel-linux-x86_64-fedora-clang | 1.1 | 206.54 | NOTE | |||
r-devel-linux-x86_64-fedora-gcc | 1.1 | 193.13 | NOTE | |||
r-devel-windows-x86_64 | 1.1 | 40.00 | 120.00 | 160.00 | NOTE | |
r-patched-linux-x86_64 | 1.1 | 40.07 | 99.39 | 139.46 | NOTE | |
r-release-linux-x86_64 | 1.1 | 39.58 | 98.40 | 137.98 | NOTE | |
r-release-macos-arm64 | 1.1 | 49.00 | NOTE | |||
r-release-macos-x86_64 | 1.1 | 68.00 | NOTE | |||
r-release-windows-x86_64 | 1.1 | 39.00 | 107.00 | 146.00 | NOTE | |
r-oldrel-macos-arm64 | 1.1 | 57.00 | OK | |||
r-oldrel-macos-x86_64 | 1.1 | 87.00 | OK | |||
r-oldrel-windows-x86_64 | 1.1 | 49.00 | 133.00 | 182.00 | OK |
Version: 1.1
Check: Rd files
Result: NOTE
checkRd: (-1) plot.int.lsbclust.Rd:112: Lost braces
112 | \code{"rows"} and code{"columns"}.}
| ^
Flavors: r-devel-linux-x86_64-debian-clang, r-devel-linux-x86_64-debian-gcc, r-devel-linux-x86_64-fedora-clang, r-devel-linux-x86_64-fedora-gcc, r-devel-windows-x86_64, r-patched-linux-x86_64, r-release-linux-x86_64, r-release-macos-arm64, r-release-macos-x86_64, r-release-windows-x86_64