Last updated on 2024-07-01 03:49:06 CEST.
Flavor | Version | Tinstall | Tcheck | Ttotal | Status | Flags |
---|---|---|---|---|---|---|
r-devel-linux-x86_64-debian-clang | 1.0 | 13.73 | 145.04 | 158.77 | OK | |
r-devel-linux-x86_64-debian-gcc | 1.0 | 13.38 | 107.63 | 121.01 | OK | |
r-devel-linux-x86_64-fedora-clang | 1.0 | 212.30 | NOTE | |||
r-devel-linux-x86_64-fedora-gcc | 1.0 | 190.60 | OK | |||
r-devel-windows-x86_64 | 1.0 | 15.00 | 114.00 | 129.00 | OK | |
r-patched-linux-x86_64 | 1.0 | 13.42 | 140.83 | 154.25 | OK | |
r-release-linux-x86_64 | 1.0 | 10.67 | 137.31 | 147.98 | OK | |
r-release-macos-arm64 | 1.0 | 56.00 | OK | |||
r-release-macos-x86_64 | 1.0 | 106.00 | OK | |||
r-release-windows-x86_64 | 1.0 | 16.00 | 115.00 | 131.00 | OK | |
r-oldrel-macos-arm64 | 1.0 | 61.00 | OK | |||
r-oldrel-macos-x86_64 | 1.0 | 80.00 | OK | |||
r-oldrel-windows-x86_64 | 1.0 | 21.00 | 143.00 | 164.00 | OK |
Version: 1.0
Check: package dependencies
Result: NOTE
Imports includes 21 non-default packages.
Importing from so many packages makes the package vulnerable to any of
them becoming unavailable. Move as many as possible to Suggests and
use conditionally.
Flavor: r-devel-linux-x86_64-fedora-clang