Last updated on 2024-06-15 15:49:09 CEST.
Flavor | Version | Tinstall | Tcheck | Ttotal | Status | Flags |
---|---|---|---|---|---|---|
r-devel-linux-x86_64-debian-clang | 1.9.12 | 24.22 | 40.63 | 64.85 | OK | |
r-devel-linux-x86_64-debian-gcc | 1.9.12 | 19.53 | 31.30 | 50.83 | OK | |
r-devel-linux-x86_64-fedora-clang | 1.9.12 | 93.49 | OK | |||
r-devel-linux-x86_64-fedora-gcc | 1.9.12 | 108.64 | OK | |||
r-devel-windows-x86_64 | 1.9.12 | 22.00 | 82.00 | 104.00 | OK | |
r-patched-linux-x86_64 | 1.9.12 | 27.03 | 41.06 | 68.09 | OK | |
r-release-linux-x86_64 | 1.9.12 | 26.74 | 40.09 | 66.83 | OK | |
r-release-macos-arm64 | 1.9.12 | 33.00 | NOTE | |||
r-release-macos-x86_64 | 1.9.12 | 57.00 | NOTE | |||
r-release-windows-x86_64 | 1.9.12 | 22.00 | 81.00 | 103.00 | OK | |
r-oldrel-macos-arm64 | 1.9.12 | 54.00 | NOTE | |||
r-oldrel-macos-x86_64 | 1.9.12 | 122.00 | NOTE | |||
r-oldrel-windows-x86_64 | 1.9.12 | 29.00 | 88.00 | 117.00 | OK |
Version: 1.9.12
Check: installed package size
Result: NOTE
installed size is 7.0Mb
sub-directories of 1Mb or more:
libs 6.5Mb
Flavors: r-release-macos-arm64, r-release-macos-x86_64, r-oldrel-macos-arm64, r-oldrel-macos-x86_64