Last updated on 2024-07-01 03:49:03 CEST.
Flavor | Version | Tinstall | Tcheck | Ttotal | Status | Flags |
---|---|---|---|---|---|---|
r-devel-linux-x86_64-debian-clang | 1.0.1 | 6.01 | 46.79 | 52.80 | NOTE | |
r-devel-linux-x86_64-debian-gcc | 1.0.1 | 4.80 | 35.77 | 40.57 | NOTE | |
r-devel-linux-x86_64-fedora-clang | 1.0.1 | 70.14 | NOTE | |||
r-devel-linux-x86_64-fedora-gcc | 1.0.1 | 62.38 | NOTE | |||
r-devel-windows-x86_64 | 1.0.1 | 7.00 | 57.00 | 64.00 | NOTE | |
r-patched-linux-x86_64 | 1.0.1 | 5.09 | 44.60 | 49.69 | NOTE | |
r-release-linux-x86_64 | 1.0.1 | 3.79 | 44.21 | 48.00 | NOTE | |
r-release-macos-arm64 | 1.0.1 | 24.00 | NOTE | |||
r-release-macos-x86_64 | 1.0.1 | 40.00 | NOTE | |||
r-release-windows-x86_64 | 1.0.1 | 7.00 | 56.00 | 63.00 | NOTE | |
r-oldrel-macos-arm64 | 1.0.1 | 27.00 | NOTE | |||
r-oldrel-macos-x86_64 | 1.0.1 | 35.00 | NOTE | |||
r-oldrel-windows-x86_64 | 1.0.1 | 7.00 | 63.00 | 70.00 | NOTE |
Version: 1.0.1
Check: LazyData
Result: NOTE
'LazyData' is specified without a 'data' directory
Flavors: r-devel-linux-x86_64-debian-clang, r-devel-linux-x86_64-debian-gcc, r-devel-linux-x86_64-fedora-clang, r-devel-linux-x86_64-fedora-gcc, r-devel-windows-x86_64, r-patched-linux-x86_64, r-release-linux-x86_64, r-release-macos-arm64, r-release-macos-x86_64, r-release-windows-x86_64, r-oldrel-macos-arm64, r-oldrel-macos-x86_64, r-oldrel-windows-x86_64
Version: 1.0.1
Check: dependencies in R code
Result: NOTE
Namespaces in Imports field not imported from:
‘ggplot2’ ‘pracma’ ‘rlang’
All declared Imports should be used.
Flavors: r-devel-linux-x86_64-fedora-clang, r-devel-linux-x86_64-fedora-gcc