Last updated on 2024-07-01 03:49:02 CEST.
Flavor | Version | Tinstall | Tcheck | Ttotal | Status | Flags |
---|---|---|---|---|---|---|
r-devel-linux-x86_64-debian-clang | 2.5 | 8.93 | 88.28 | 97.21 | OK | |
r-devel-linux-x86_64-debian-gcc | 2.5 | 6.97 | 64.31 | 71.28 | OK | |
r-devel-linux-x86_64-fedora-clang | 2.5 | 124.24 | OK | |||
r-devel-linux-x86_64-fedora-gcc | 2.5 | 110.79 | OK | |||
r-devel-windows-x86_64 | 2.5 | 10.00 | 86.00 | 96.00 | OK | |
r-patched-linux-x86_64 | 2.5 | 8.13 | 82.99 | 91.12 | OK | |
r-release-linux-x86_64 | 2.5 | 5.05 | 83.58 | 88.63 | OK | |
r-release-macos-arm64 | 2.5 | 33.00 | OK | |||
r-release-macos-x86_64 | 2.5 | 55.00 | OK | |||
r-release-windows-x86_64 | 2.5 | 9.00 | 90.00 | 99.00 | OK | |
r-oldrel-macos-arm64 | 2.5 | 39.00 | OK | |||
r-oldrel-macos-x86_64 | 2.5 | 56.00 | NOTE | |||
r-oldrel-windows-x86_64 | 2.5 | 11.00 | 102.00 | 113.00 | OK |
Version: 2.5
Check: package dependencies
Result: NOTE
Package suggested but not available for checking: ‘Mcomp’
Flavor: r-oldrel-macos-x86_64