Last updated on 2024-06-15 15:49:03 CEST.
Flavor | Version | Tinstall | Tcheck | Ttotal | Status | Flags |
---|---|---|---|---|---|---|
r-devel-linux-x86_64-debian-clang | 0.5.10 | 7.04 | 300.58 | 307.62 | NOTE | |
r-devel-linux-x86_64-debian-gcc | 0.5.10 | 5.63 | 242.18 | 247.81 | NOTE | |
r-devel-linux-x86_64-fedora-clang | 0.5.10 | 379.15 | NOTE | |||
r-devel-linux-x86_64-fedora-gcc | 0.5.10 | 403.27 | NOTE | |||
r-devel-windows-x86_64 | 0.5.10 | 7.00 | 246.00 | 253.00 | NOTE | |
r-patched-linux-x86_64 | 0.5.10 | 7.98 | 311.99 | 319.97 | NOTE | |
r-release-linux-x86_64 | 0.5.10 | 6.14 | 320.47 | 326.61 | NOTE | |
r-release-macos-arm64 | 0.5.10 | 107.00 | NOTE | |||
r-release-macos-x86_64 | 0.5.10 | 172.00 | NOTE | |||
r-release-windows-x86_64 | 0.5.10 | 7.00 | 247.00 | 254.00 | NOTE | |
r-oldrel-macos-arm64 | 0.5.10 | 149.00 | OK | |||
r-oldrel-macos-x86_64 | 0.5.10 | 368.00 | OK | |||
r-oldrel-windows-x86_64 | 0.5.10 | 9.00 | 314.00 | 323.00 | OK |
Version: 0.5.10
Check: Rd files
Result: NOTE
checkRd: (-1) impute_covariance_matrix.Rd:74-79: Lost braces in \itemize; meant \describe ?
checkRd: (-1) impute_covariance_matrix.Rd:80-87: Lost braces in \itemize; meant \describe ?
checkRd: (-1) impute_covariance_matrix.Rd:88-98: Lost braces in \itemize; meant \describe ?
Flavors: r-devel-linux-x86_64-debian-clang, r-devel-linux-x86_64-debian-gcc, r-devel-linux-x86_64-fedora-clang, r-devel-linux-x86_64-fedora-gcc, r-devel-windows-x86_64, r-patched-linux-x86_64, r-release-linux-x86_64, r-release-macos-arm64, r-release-macos-x86_64, r-release-windows-x86_64