Last updated on 2024-06-15 15:49:20 CEST.
Flavor | Version | Tinstall | Tcheck | Ttotal | Status | Flags |
---|---|---|---|---|---|---|
r-devel-linux-x86_64-debian-clang | 1.1.0 | 42.94 | 440.57 | 483.51 | OK | |
r-devel-linux-x86_64-debian-gcc | 1.1.0 | 38.39 | 336.61 | 375.00 | OK | |
r-devel-linux-x86_64-fedora-clang | 1.1.0 | 614.50 | NOTE | |||
r-devel-linux-x86_64-fedora-gcc | 1.1.0 | 413.55 | OK | |||
r-devel-windows-x86_64 | 1.1.0 | 43.00 | 291.00 | 334.00 | NOTE | |
r-patched-linux-x86_64 | 1.1.0 | 45.32 | 421.75 | 467.07 | OK | |
r-release-linux-x86_64 | 1.1.0 | 41.40 | 411.07 | 452.47 | OK | |
r-release-macos-arm64 | 1.1.0 | 158.00 | NOTE | |||
r-release-macos-x86_64 | 1.1.0 | 232.00 | NOTE | |||
r-release-windows-x86_64 | 1.1.0 | 41.00 | 293.00 | 334.00 | NOTE | |
r-oldrel-macos-arm64 | 1.1.0 | 161.00 | NOTE | |||
r-oldrel-macos-x86_64 | 1.1.0 | 268.00 | NOTE | |||
r-oldrel-windows-x86_64 | 1.1.0 | 55.00 | 394.00 | 449.00 | NOTE |
Version: 1.1.0
Check: installed package size
Result: NOTE
installed size is 9.5Mb
sub-directories of 1Mb or more:
extdata 8.7Mb
Flavors: r-devel-linux-x86_64-fedora-clang, r-devel-windows-x86_64, r-release-macos-arm64, r-release-macos-x86_64, r-release-windows-x86_64, r-oldrel-macos-arm64, r-oldrel-macos-x86_64, r-oldrel-windows-x86_64