Last updated on 2024-07-01 03:49:19 CEST.
Flavor | Version | Tinstall | Tcheck | Ttotal | Status | Flags |
---|---|---|---|---|---|---|
r-devel-linux-x86_64-debian-clang | 1.6.3 | 28.16 | 86.72 | 114.88 | OK | |
r-devel-linux-x86_64-debian-gcc | 1.6.3 | 24.05 | 63.89 | 87.94 | OK | |
r-devel-linux-x86_64-fedora-clang | 1.6.3 | 146.89 | OK | |||
r-devel-linux-x86_64-fedora-gcc | 1.6.3 | 150.74 | OK | |||
r-devel-windows-x86_64 | 1.6.3 | 29.00 | 86.00 | 115.00 | OK | |
r-patched-linux-x86_64 | 1.6.3 | 21.78 | 80.22 | 102.00 | OK | |
r-release-linux-x86_64 | 1.6.3 | 20.49 | 82.30 | 102.79 | OK | |
r-release-macos-arm64 | 1.6.3 | 54.00 | NOTE | |||
r-release-macos-x86_64 | 1.6.3 | 79.00 | NOTE | |||
r-release-windows-x86_64 | 1.6.3 | 29.00 | 87.00 | 116.00 | OK | |
r-oldrel-macos-arm64 | 1.6.3 | 62.00 | NOTE | |||
r-oldrel-macos-x86_64 | 1.6.3 | 122.00 | NOTE | |||
r-oldrel-windows-x86_64 | 1.6.3 | 34.00 | 102.00 | 136.00 | OK |
Version: 1.6.3
Check: installed package size
Result: NOTE
installed size is 5.7Mb
sub-directories of 1Mb or more:
data 5.4Mb
Flavors: r-release-macos-arm64, r-release-macos-x86_64, r-oldrel-macos-arm64, r-oldrel-macos-x86_64