Last updated on 2024-06-15 15:49:15 CEST.
Flavor | Version | Tinstall | Tcheck | Ttotal | Status | Flags |
---|---|---|---|---|---|---|
r-devel-linux-x86_64-debian-clang | 0.2.4 | 7.12 | 48.90 | 56.02 | OK | |
r-devel-linux-x86_64-debian-gcc | 0.2.4 | 5.10 | 36.98 | 42.08 | OK | |
r-devel-linux-x86_64-fedora-clang | 0.2.4 | 67.82 | NOTE | |||
r-devel-linux-x86_64-fedora-gcc | 0.2.4 | 64.59 | OK | |||
r-devel-windows-x86_64 | 0.2.4 | 5.00 | 54.00 | 59.00 | OK | |
r-patched-linux-x86_64 | 0.2.4 | 7.93 | 47.13 | 55.06 | OK | |
r-release-linux-x86_64 | 0.2.4 | 6.82 | 47.41 | 54.23 | OK | |
r-release-macos-arm64 | 0.2.4 | 20.00 | OK | |||
r-release-macos-x86_64 | 0.2.4 | 33.00 | OK | |||
r-release-windows-x86_64 | 0.2.4 | 5.00 | 54.00 | 59.00 | OK | |
r-oldrel-macos-arm64 | 0.2.4 | 21.00 | OK | |||
r-oldrel-macos-x86_64 | 0.2.4 | 38.00 | OK | |||
r-oldrel-windows-x86_64 | 0.2.4 | 8.00 | 60.00 | 68.00 | OK |
Version: 0.2.4
Check: Rd cross-references
Result: NOTE
Undeclared package ‘DBI’ in Rd xrefs
Flavor: r-devel-linux-x86_64-fedora-clang