Last updated on 2024-07-01 03:49:10 CEST.
Flavor | Version | Tinstall | Tcheck | Ttotal | Status | Flags |
---|---|---|---|---|---|---|
r-devel-linux-x86_64-debian-clang | 0.13.5 | 303.49 | 141.69 | 445.18 | OK | |
r-devel-linux-x86_64-debian-gcc | 0.13.5 | 206.78 | 99.54 | 306.32 | OK | |
r-devel-linux-x86_64-fedora-clang | 0.13.5 | 662.00 | OK | |||
r-devel-linux-x86_64-fedora-gcc | 0.13.5 | 667.03 | OK | |||
r-devel-windows-x86_64 | 0.13.5 | 238.00 | 141.00 | 379.00 | OK | |
r-patched-linux-x86_64 | 0.13.5 | 218.16 | 128.55 | 346.71 | OK | |
r-release-linux-x86_64 | 0.13.5 | 210.41 | 129.01 | 339.42 | OK | |
r-release-macos-arm64 | 0.13.5 | 112.00 | NOTE | |||
r-release-macos-x86_64 | 0.13.5 | 115.00 | NOTE | |||
r-release-windows-x86_64 | 0.13.5 | 234.00 | 144.00 | 378.00 | OK | |
r-oldrel-macos-arm64 | 0.13.5 | 93.00 | NOTE | |||
r-oldrel-macos-x86_64 | 0.13.5 | 170.00 | NOTE | |||
r-oldrel-windows-x86_64 | 0.13.5 | 289.00 | 177.00 | 466.00 | OK |
Version: 0.13.5
Check: installed package size
Result: NOTE
installed size is 7.3Mb
sub-directories of 1Mb or more:
libs 6.6Mb
Flavors: r-release-macos-arm64, r-release-macos-x86_64, r-oldrel-macos-arm64, r-oldrel-macos-x86_64