Last updated on 2024-07-06 15:49:25 CEST.
Flavor | Version | Tinstall | Tcheck | Ttotal | Status | Flags |
---|---|---|---|---|---|---|
r-devel-linux-x86_64-debian-clang | 1.3.3 | 6.74 | 36.51 | 43.25 | OK | |
r-devel-linux-x86_64-debian-gcc | 1.3.3 | 5.17 | 28.43 | 33.60 | OK | |
r-devel-linux-x86_64-fedora-clang | 1.3.3 | 55.28 | NOTE | |||
r-devel-linux-x86_64-fedora-gcc | 1.3.3 | 52.67 | NOTE | |||
r-devel-windows-x86_64 | 1.3.3 | 7.00 | 65.00 | 72.00 | OK | |
r-patched-linux-x86_64 | 1.3.3 | 6.46 | 35.09 | 41.55 | OK | |
r-release-linux-x86_64 | 1.3.3 | 6.48 | 34.50 | 40.98 | OK | |
r-release-macos-arm64 | 1.3.3 | 22.00 | NOTE | |||
r-release-macos-x86_64 | 1.3.3 | 30.00 | NOTE | |||
r-release-windows-x86_64 | 1.3.3 | 6.00 | 62.00 | 68.00 | OK | |
r-oldrel-macos-arm64 | 1.3.3 | 26.00 | NOTE | |||
r-oldrel-macos-x86_64 | 1.3.3 | 33.00 | NOTE | |||
r-oldrel-windows-x86_64 | 1.3.3 | 10.00 | 68.00 | 78.00 | OK |
Version: 1.3.3
Check: data for non-ASCII characters
Result: NOTE
Note: found 20578 marked UTF-8 strings
Flavors: r-devel-linux-x86_64-fedora-clang, r-devel-linux-x86_64-fedora-gcc
Version: 1.3.3
Check: installed package size
Result: NOTE
installed size is 5.6Mb
sub-directories of 1Mb or more:
data 5.3Mb
Flavors: r-release-macos-arm64, r-release-macos-x86_64, r-oldrel-macos-arm64, r-oldrel-macos-x86_64