Last updated on 2024-06-15 15:49:08 CEST.
Flavor | Version | Tinstall | Tcheck | Ttotal | Status | Flags |
---|---|---|---|---|---|---|
r-devel-linux-x86_64-debian-clang | 2.0.11 | 7.54 | 62.34 | 69.88 | OK | |
r-devel-linux-x86_64-debian-gcc | 2.0.11 | 5.95 | 46.08 | 52.03 | OK | |
r-devel-linux-x86_64-fedora-clang | 2.0.11 | 88.71 | OK | |||
r-devel-linux-x86_64-fedora-gcc | 2.0.11 | 94.45 | OK | |||
r-devel-windows-x86_64 | 2.0.11 | 6.00 | 72.00 | 78.00 | OK | |
r-patched-linux-x86_64 | 2.0.11 | 8.33 | 59.75 | 68.08 | OK | |
r-release-linux-x86_64 | 2.0.11 | 7.49 | 58.27 | 65.76 | OK | |
r-release-macos-arm64 | 2.0.11 | 28.00 | OK | |||
r-release-macos-x86_64 | 2.0.11 | 52.00 | OK | |||
r-release-windows-x86_64 | 2.0.11 | 7.00 | 73.00 | 80.00 | OK | |
r-oldrel-macos-arm64 | 2.0.11 | 41.00 | NOTE | |||
r-oldrel-macos-x86_64 | 2.0.11 | 92.00 | NOTE | |||
r-oldrel-windows-x86_64 | 2.0.11 | 6.00 | 75.00 | 81.00 | OK |
Version: 2.0.11
Check: package dependencies
Result: NOTE
Package suggested but not available for checking: ‘HTSFilter’
Flavors: r-oldrel-macos-arm64, r-oldrel-macos-x86_64